t = 5*y. Let b(c) = -14*c - 10*c + 1 + 8*c - y*c. Determine b(1).
-19
Suppose -4 = -2*l + 3*l - 2*w, -4*l + 5*w - 10 = 0. Let g(t) = l - 8*t + 4*t + 2*t + 5. Calculate g(-4).
13
Let p(g) be the first derivative of 0*g**2 + 2*g + 1/2*g**4 - 17 + 2/3*g**3. What is p(2)?
26
Suppose -2*s + 4 = 2. Suppose -2*a = s + 9. Let u be a/3 + 6/9. Let v(h) = -h**2. Determine v(u).
-1
Let w(o) = -60*o - 4. Let p(c) = 12*c + 1. Let j(l) = -16*p(l) - 3*w(l). What is j(-3)?
32
Let w(h) be the second derivative of -h**3/3 + 8*h**2 - 162*h. Give w(7).
2
Let p(b) be the first derivative of b**4/4 + 2*b**3 - b**2/2 + b + 46. Give p(-5).
31
Let d(u) = -4*u**2 - 5*u + 7. Let r(m) = -2*m**2 - 3*m + 4. Suppose 0 = -11*s + 3*s. Suppose -5*l - 24 - 1 = s. Let t(c) = l*r(c) + 3*d(c). Calculate t(2).
-7
Let h(o) = 4 + 100*o + 0 + 2 - o**2 - 94*o. Give h(6).
6
Let c(u) = 4*u**3 + 6*u**2 + 6*u + 3. Let l(b) = 3*b**3 + 5*b**2 + 5*b + 2. Let w(h) = 2*c(h) - 3*l(h). Determine w(-2).
2
Let y(v) = 5 + 12*v - 3*v + v**2 + 2 + 0. Let t(z) = -3*z**2 - 27*z - 22. Let s(k) = -2*t(k) - 7*y(k). Calculate s(-7).
9
Let c = -5 - -5. Let v(g) = c - 6 + 4*g - 3*g. Let i be 13/(-39)*(-3)/2*0. Determine v(i).
-6
Let i(c) = 99*c - 100*c - 1 + 9. Determine i(10).
-2
Let t(h) be the third derivative of h**6/120 + h**5/20 - 3*h**4/8 + h**3/3 - 337*h**2. Determine t(-5).
-3
Let s(q) be the third derivative of -q**6/720 - q**5/30 + q**4/24 - q**2. Let v(l) be the second derivative of s(l). Let w = -34 + 30. Calculate v(w).
0
Let v(z) = 2*z + 4. Let h(d) = 0*d**2 - 4*d**2 - 29*d + 3 + 41*d + 5*d**2. Let w be h(-12). What is v(w)?
10
Let p(f) = -6*f + 4. Suppose 2*a - 215 = -209. Let l be a*(-42)/(-18) - 4. Determine p(l).
-14
Let d(p) = p**2 + 2*p - 4. Let u be (-4)/(-2) - 2 - (-4 + 3). Let b(j) = -j. Let h(w) = u*b(w) + d(w). What is h(-4)?
8
Let j(d) = d**3 + 18*d**2 + 17*d + 1. Suppose 17 = -4*b + 3*b. Give j(b).
1
Let q(u) = -u**3 + 3*u - 3. Let c(d) be the second derivative of -2/3*d**3 + d**2 - 1/12*d**4 + 2*d + 0. Let w be c(-4). What is q(w)?
-5
Let q = 2 + -3. Let h = q + -1. Let z(x) = 2*x**2 + 0*x**3 + x**3 + 13 - 20 + 8. What is z(h)?
1
Let w(r) = -r**2 - 6*r - 7. Let i(p) = -2*p**2 - 9*p - 15. Let y(o) = 4*i(o) - 7*w(o). Determine y(6).
-11
Suppose -2 = z, 3*s - 6 - 20 = 4*z. Let b(v) = -2*v**3 + 2*v**3 + 845*v**2 - 3*v**3 + 2*v**3 - 7*v - 838*v**2. Give b(s).
-6
Let p(h) = -17*h - 11*h**2 - 20*h + 76*h**3 - 5*h**2 + 26 - 75*h**3. Give p(18).
8
Let j(n) = 2*n**2 + 2*n + n**3 + 6 + 2*n**3 - 5. Suppose -q = -3*q. Let b(a) = -a**2 + a - 1. Let i be b(q). Give j(i).
-2
Suppose -2*s - x + 6 + 7 = 0, -s + 11 = 5*x. Let g(t) = t**3 - 6*t**2 - 4*t + 9. Determine g(s).
-15
Let p(f) = -4 - 1037*f + 1045*f + 2 - f**2. Suppose 0 = -2*r - 0 + 8. Determine p(r).
14
Let p(w) = -5*w + 27. Let s be p(5). Let b(l) = -l**2 + l - 5 + 3*l**s + l**2 - 4*l**2. Determine b(5).
-25
Let a(k) = -k**3 + 23 - 17 + 21 - 8665*k**2 + 8677*k**2 - 13*k. Give a(11).
5
Let c(b) be the first derivative of -b**6/120 - b**5/120 - b**4/24 - 13*b**3/3 + 11. Let j(z) be the third derivative of c(z). What is j(-2)?
-11
Let p = -687 - -685. Let c(l) = 5*l - 6. What is c(p)?
-16
Let j(h) = 7*h + 3*h**2 + 4*h**3 - 31*h + 13*h + 1 + 8*h. Give j(1).
5
Let l(t) be the first derivative of 6*t - 1/2*t**2 - 3 - 1/4*t**4 + 5/3*t**3. Determine l(5).
1
Let x(s) = -s**3 + s**2 + s + 1. Let h(g) = -6*g**3 + 7*g**2 + 6*g + 11. Let y(z) = -h(z) + 5*x(z). Determine y(3).
0
Let o(w) be the first derivative of -4/3*w**3 + 1/2*w**2 + 0*w - 6. Let p(r) = r**2 - 5*r + 1. Let s be p(5). Give o(s).
-3
Let l(o) = 69*o + 2 - 42*o - 29*o. Calculate l(-6).
14
Suppose 0 = -4*g - 5*c + 2, -3*g - 2*c + 11 = 2*g. Suppose 4*b = -0*b + 3*y + 3, 4*b - 4 = 4*y. Let f(z) = b*z + g*z + 0*z. Give f(-5).
-15
Let t(i) = i**2 + 4*i + 1. Let r be (-1)/(-5 - (-32)/6). Determine t(r).
-2
Let k(w) = w**2 - w - 13. Let o(p) = -p - 12. Let n(h) = -4*k(h) + 5*o(h). Let f(r) = 5*r**2 + 2*r + 9. Let c(b) = 6*f(b) + 7*n(b). Calculate c(-4).
10
Let m(b) = 5*b**3 + 10*b**2 - b - 10. Let n(h) = -2*h**3 - 3*h**2 + 3. Let c(g) = -3*m(g) - 8*n(g). Determine c(5).
-4
Let m(o) = o - 1. Suppose 4*d + 12 = -3*i + 2, 4*i = 5*d + 28. Let s(g) = -8*g + 7. Let a(n) = d*m(n) - s(n). Give a(-3).
-15
Let w be (-1 - 0) + (-2)/2. Let q be 2*(0 - w)/2. Let k(p) = -3*p**3 - 4*p + 3. Let s(b) = -b**3 - 2*b**2 - b + 1. Let y(m) = k(m) - s(m). What is y(q)?
-12
Let i = -546 + 549. Let w(t) = -t**2 - t + 7. Give w(i).
-5
Let q(o) = -o - 3. Let j = -48 - -53. Determine q(j).
-8
Let w = 36 + -37. Let i(a) = 3*a**3 + a**2 - 1. Let n be i(w). Let l(m) = -m**2 - 6*m - 1. What is l(n)?
8
Suppose 5*k + 24 = z - 3, -k = z - 3. Let s(d) = -8*d + 1. Let j(x) = 22*x - 4. Let n(q) = -3*j(q) - 8*s(q). Calculate n(z).
-10
Let p = -2 - -4. Let f(u) = -u + 3*u + p*u**2 - 3*u**2. Determine f(4).
-8
Let y(b) = -5*b + 4*b - 3*b - 8*b. Let t be ((-5)/2)/(-1)*(-68)/(-85). Let v(x) = -x. Let m(s) = t*y(s) - 18*v(s). Determine m(3).
-18
Let y(v) be the third derivative of v**5/15 - v**4/24 - 2*v**3/3 - 61*v**2 - v. Determine y(3).
29
Let b(l) = -l**3 + 4*l**2 - 4. Suppose -3*n = 22 - 34. Give b(n).
-4
Suppose 0*j + 2*j + 5*n - 4 = 0, n - 44 = 5*j. Let d = 13 + j. Let u(h) = -6*h - 6 + 3*h + d. Determine u(4).
-13
Let r(j) = -j**3 + j**2 + j - 2. Suppose 2*l + 20 = 3*u, -5*u = -3*l + 10 - 39. Let b = 10 + l. Let c be (-2)/(-10) - b/(-15). Calculate r(c).
-2
Let m(k) = 13*k**3 - 8*k**2 - 5*k - 6. Let t(u) = -10*u**3 + 7*u**2 + 4*u + 5. Let a(l) = -3*m(l) - 4*t(l). Determine a(4).
-6
Suppose 1 - 76 = -3*b. Let k(p) = 2*p + 29 - b - 3*p. What is k(10)?
-6
Let o(n) = -n**3 + 11*n**2 - 19*n - 5. Let b(l) = -l**3 - 3*l + 1. Let y(k) = -2*b(k) + o(k). Give y(-12).
5
Let g(z) = 24*z**2 - 2*z - 1. Let c(q) = 3*q**2 - 33*q - 1. Let l = 115 + -104. Let a be c(l). Calculate g(a).
25
Suppose 4 = 2*f, g = 6*g + f + 13. Let n(w) = 3*w + 5. Let r be n(g). Let z(v) be the second derivative of -v**5/20 - v**4/3 - v**3/3 - 3*v**2/2 + v. Give z(r).
5
Let m(a) be the third derivative of 0*a + 1/4*a**4 + 0*a**3 - 4*a**2 + 0 + 1/60*a**5. Suppose p - 3*p = 10. What is m(p)?
-5
Let z(u) = 5*u - 28. Let i(n) = 11*n - 60. Let r(o) = 6*i(o) - 13*z(o). Suppose 3*p - 3 = 2*s, -12 = -3*p + s - 2*s. What is r(p)?
7
Let d(q) = -q - 1. Let f(p) = -p**3 - 9*p**2 - 14*p - 2. Let m(a) = -6*d(a) + f(a). Let x be (92/22 - 0) + (-62)/341. Suppose -x*h - 43 + 11 = 0. Give m(h).
4
Let r(f) = -16*f**2 - 6*f - 2. Let q(j) = 2*j**2 + j. Let z(v) = -6*q(v) - r(v). What is z(-1)?
6
Let s(m) = -7*m + 1. Suppose -v - 2*v - 45 = 0. Let k = 14 + v. Let w be (5/15)/(k/(-3)). Calculate s(w).
-6
Let s(g) = -11*g**3 - 16*g**2 - 24*g + 22. Let f(n) = -4*n**3 - 6*n**2 - 9*n + 8. Let q(x) = -8*f(x) + 3*s(x). Calculate q(-2).
10
Let u(j) = -j**3 + 55*j + 31. Let g be u(-7). Let s(w) = w**3 + 12*w**2 + 10*w - 11. What is s(g)?
0
Let w(l) = l**3 + 15*l**2 - 17*l - 13. Let r be w(-16). Let a be (-1)/r*(7 + 100/(-4)). Let k(v) = -v**3 + 6*v**2 - v - 1. Calculate k(a).
-7
Let t(g) = g**3 - 11*g**2 - 11*g - 9. Let j = -1104 + 1116. Calculate t(j).
3
Let o(z) be the third derivative of z**6/360 - z**5/120 - 10*z**3/3 - 16*z**2. Let l(a) be the first derivative of o(a). Suppose 5*f = 15 - 5. Determine l(f).
2
Let l(p) = 4*p**2 - 7*p - 1. Let o(g) = g. Let a(n) = -l(n) - 6*o(n). Let q(f) = -f**3 + 13*f**2 + 12*f + 27. Let w be q(14). Determine a(w).
-4
Suppose -d = -2*d. Let p = d - -2. Suppose -b = p + 1. Let o(k) = -k**3 - 3*k**2 - k + 3. What is o(b)?
6
Let o(i) = -19 - 10*i - 905*i**2 + 906*i**2 + 0*i. Give o(12).
5
Let d be (4/(-12))/(1/(-3)). Let b(l) = 3*l**2 + 1. Let w be b(d). Let g(r) = 2 + w*r - 5*r - 9. Determine g(-6).
-1
Let d(p) = -p - 8. Let f = 13 + -19. Suppose -3*k + 4*z = -z + 18, 2*k = -z - 12. Let q = k - f. Give d(q).
-8
Let y(m) = 6*m**2 + 4*m - 3. Suppose -181*n = -183*n + 4. Determine y(n).
29
Let o(b) = -b - 2. Suppose -10 = -3*f - 4*z, 4*z - 18 + 44 = 3*f. Suppose f*s + 2 + 16 = 0. Give o(s).
1
Let z(f) = -f**2 + 9*f + 4. Let c be z(9). Let a(k) = c + k - k - k. Give a(4).
0
Suppose -j + 2 = 59*q - 57*q, 3*q - 3*j - 12 = 0. Let u(v) be the first derivative of -v**4/2 + v**2/2 - v + 2. What is u(q)?
-15
Suppose -12*c + 14*c + 32 = 0. Let f = c - -19. Let m(z) = 3*